) = 3*g**2 + 3*g + 4. Let x be s(-4). Let z = x - 69. Let w = z - -41. List the prime factors of w.
2, 3
Suppose 0 = -h - 2*h - 12. Let g = h - -10. Let j(x) = x**3 - 7*x**2 + 7*x - 2. List the prime factors of j(g).
2
Let s be (-8)/(-16) - (-633)/2. What are the prime factors of s/11 + (-6)/(-33)?
29
Let y = -11 + 20. Suppose 5*r = 2*r + y. List the prime factors of r.
3
Suppose -5*j + 24 + 126 = 0. Let q = j - 13. What are the prime factors of q?
17
Suppose 0 = -b - 4*b + 1360. Suppose -104 = 4*d - b. List the prime factors of d.
2, 3, 7
Let n(m) be the third derivative of m**4/12 - m**3/3 - 3*m**2. Let h be n(-2). Let v = h + 10. What are the prime factors of v?
2
Let b = 0 - 5. Let z = -3 - b. Suppose -3*f - 15 = -3*r, z*r + 0*r = -4*f + 34. What are the prime factors of r?
3
Let c = 27 + 15. Let j be (-180)/c + 2/7. Let i = j - -17. What are the prime factors of i?
13
Suppose 4*n - 3*n = 57. What are the prime factors of n?
3, 19
Let u(z) = -z**2 - 9*z + 3. Let o be (20/(-15))/((-2)/(-6)). List the prime factors of u(o).
23
Let y = 26 + -8. Suppose 2*a - 5*o = y, 6*a - 60 = a + 5*o. List the prime factors of a.
2, 7
Suppose -7*m + 22 = -6. List the prime factors of m.
2
Suppose -648 = -2*q - 5*s + s, 648 = 2*q + 5*s. List the prime factors of q.
2, 3
What are the prime factors of ((-3)/2)/(30/(-560))?
2, 7
Let a(z) = z + 7. Let x be a(7). Suppose -v = 3*g - 3 - 15, 2*v - 4*g + x = 0. What are the prime factors of ((-1)/v)/(4/(-24))?
2
Let j(b) = -4 - 9*b + 4*b**3 - 5*b**3 + 2*b**3 + 6*b**2. List the prime factors of j(-7).
2, 5
Suppose -3*q - 4*h + 490 = 0, -h = 2*q + h - 330. List the prime factors of q.
2, 5, 17
Let w(i) = i**3 + 6*i**2 + 3*i - 3. Let d be 1/(2/10*-1). List the prime factors of w(d).
7
List the prime factors of 1*-1 - (-1 - (14 - -6)).
2, 5
Suppose 0*n - 3*p = 3*n - 156, 0 = 4*n + 5*p - 209. What are the prime factors of n?
3, 17
Let k(a) = -a**3 + 4*a**2 - 2*a - 2. Let f be (1*-3 + 2)*-2. What are the prime factors of k(f)?
2
Suppose 864 - 227 = 7*q. What are the prime factors of q?
7, 13
Let c(a) = 4*a + 1. Let p(l) = l + 1. Let j(t) = -c(t) - 4*p(t). Let g be j(-5). Suppose -3*i - g = -5*q, -3*q + q - 4*i = 12. What are the prime factors of q?
2
Suppose 4*j - 148 = 4*n, 2*j - n = -5*n + 68. What are the prime factors of j?
2, 3
Suppose 0 = -2*u + 3 + 1. Let x be u/8 + 199/4. Suppose 4*y - 9*y + x = 0. What are the prime factors of y?
2, 5
Let q(f) = 8 - 2*f + 5*f - 2*f. Let s be q(-8). Suppose s = -9*l + 4*l - 2*t + 50, 2*t - 2 = -l. What are the prime factors of l?
2, 3
Suppose 3*o = -2*c - 10, -10 - 15 = -5*c + 5*o. List the prime factors of (c/(-2))/(7/(-84)).
2, 3
Let o = 172 + -33. What are the prime factors of o?
139
Let a(u) = -u**2 + 13*u - 7. Let s(z) = -2*z - 17. Let m be s(-13). What are the prime factors of a(m)?
29
Suppose 5*w - 12 = -27. List the prime factors of 1 + 1 - (-17 - w).
2
Let d(i) = -6*i + 4*i + i. Let k be ((-48)/20)/(6/20). List the prime factors of d(k).
2
Suppose -50 = -4*y + 106. Suppose 0 = -2*a - a + y. List the prime factors of a.
13
Let u = 19 + -12. Let k = -4 - -6. Suppose -2*s - 38 = -u*s - 3*y, k*s + 2*y = 16. What are the prime factors of s?
7
Suppose 2*w + 11 = -3. What are the prime factors of (-265)/(-7) + w/(-49)?
2, 19
Let o(w) = 12*w - 1 + 1 + 4*w**2 + 8 - 5*w**2. What are the prime factors of o(10)?
2, 7
Let w be 0 + 0 + (-7 - 1). Let u be w/(3*2/6). Let a = -6 - u. List the prime factors of a.
2
Suppose y - 2*y = -3. What are the prime factors of (y + -5)/(-1) - -26?
2, 7
Suppose 5*x = -3*p + 6*x + 320, -p + 4*x + 125 = 0. List the prime factors of p.
3, 5, 7
Let u(b) = -b**2 - 27*b - 17. List the prime factors of u(-18).
5, 29
Suppose -r + 21 = -0*r. List the prime factors of r.
3, 7
Let p = -13 - -7. Let d = p + 10. List the prime factors of d.
2
Let k be (-32)/80 + 36/(-10). Suppose 4*m + 11 = v, 0 = 3*m - 4*v - v + 4. List the prime factors of k/m*(-1 - -4).
2
Let h = -14 + 44. What are the prime factors of h?
2, 3, 5
Suppose -2*a - 3*g + 468 = 0, 5*g - 934 = -0*a - 4*a. What are the prime factors of a?
3, 7, 11
Let o = -7 + 5. Let z(d) = d**2 - 2*d - 2. What are the prime factors of z(o)?
2, 3
Let p = 11 - 19. Let u(g) = -3*g + 11. What are the prime factors of u(p)?
5, 7
Let d(w) be the first derivative of 2*w**3/3 - w**2 + 2*w + 1. Let g be d(2). Suppose -2*b = -g*b + 60. What are the prime factors of b?
3, 5
Let m = -7 - -7. Suppose 3*a - 39 + 12 = m. List the prime factors of a.
3
Suppose -4*q + 20 + 4 = 4*f, 7 = 2*f + q. Suppose 0 = -2*s, -6*b + 3*s + 6 = -4*b. Let h = b + f. What are the prime factors of h?
2
Suppose -x = 4*x. Suppose 0 = -g - x*g + 4. Suppose 0 = -g*y + 16, -3*y + 32 = j + 11. What are the prime factors of j?
3
Let z be -1*(-14 - (1 + -2)). Suppose 5*v - 3*g - z = g, 2*v - 2*g - 4 = 0. Suppose -v*t = 2*i - 44, -3*i - i = 5*t - 38. What are the prime factors of t?
2, 5
Suppose 0*g + 3*g = 9. Suppose 5*d - 55 = -h, 0 = -d - g*d + 2*h + 44. List the prime factors of d.
11
Let z(h) = h**3 - 2*h + 4. Let u be z(2). Let f(p) = p**2 - 6*p - 1. List the prime factors of f(u).
3, 5
Suppose 3*x + 12 = 3*j, -3*x + 4*j - 2 = -6*x. Let y = x + 4. List the prime factors of y.
2
Let s = -55 - -31. List the prime factors of 2*(-4)/(s/75).
5
Let c(r) = -r**3 + 3*r**2 + 3*r + 1. Suppose h = -5*u + 20, -5 = 7*u - 2*u - 4*h. List the prime factors of c(u).
2, 5
Let v(d) = d**3 - 3*d**2 - 3*d + 3. Let c be v(4). Suppose -3*n + 18 = 2*f, -2*f + c*f + 3*n = 63. What are the prime factors of f?
3, 5
List the prime factors of (92/(-8))/(1/(-2)).
23
Let v(u) = -u + 20. Let h be v(0). Let j = h + 9. What are the prime factors of j?
29
Let v(j) = 5*j - 1. List the prime factors of v(5).
2, 3
Let a be (-312)/18*(-3)/2. Suppose -d - 12 = 3*w, -6*w = -2*d - 2*w + a. What are the prime factors of d?
3
Let p(y) = 53*y. Let i be p(1). Suppose 0 = m - 5*m + 3*t + i, 3*t + 20 = m. What are the prime factors of m?
11
Suppose 3*a - 4*k = -9*k + 123, -5*k = a - 41. What are the prime factors of a?
41
Let w = -6 - -6. Suppose -j + 6*j - 60 = 5*a, w = -2*j - a + 12. List the prime factors of j.
2
What are the prime factors of 39 - (-2)/(0/1 - -1)?
41
Suppose -2*c + 13 = -3*u, -3*u - 1 = 3*c + c. List the prime factors of (-2)/(-4) + 43/c.
2, 11
Let m = 20 + -19. Let v(q) = 3*q**2 - q. What are the prime factors of v(m)?
2
Let j(f) = 9*f. Let b be j(-5). Let g = b + 72. Suppose g = -p + 4*p. List the prime factors of p.
3
Let s(x) = x**2 + x + 4. Let h be (-3)/(-12) + (-26)/8. What are the prime factors of s(h)?
2, 5
Let s = 6 + -3. Suppose -3*l + 3 = 0, -m + l + 31 = s*m. What are the prime factors of m?
2
Suppose -r = -2*a + 256 - 90, -326 = -4*a + 5*r. Suppose -42 = -2*w + t, -2*w = 2*w - t - a. Let i = -12 + w. What are the prime factors of i?
3
Let v be (-2)/(-4) - 87/2. List the prime factors of 4/10 - v/5.
3
Let z(a) = -3 + 0 - 1 - a. Let u be z(-5). List the prime factors of (1 + 0 - u) + 2.
2
What are the prime factors of 2 - (-3 - 92 - 0)?
97
Let a(z) = z**2 + 7*z - 5. Let f be a(-9). Suppose x - 5*l = -3*l + f, -3*l + 75 = 3*x. List the prime factors of x.
3, 7
Let t = -118 + 191. What are the prime factors of t?
73
Let v = -8 + 32. Let g be ((-6)/(-4))/(9/v). Suppose -g*o + 4*k + k + 81 = 0, 4*o = 3*k + 79. List the prime factors of o.
19
Suppose 0 = -x + 9 - 31. Let j = x + 37. List the prime factors of j.
3, 5
Suppose 70 = 13*n - 11*n. List the prime factors of n.
5, 7
Suppose 0*p - 3 = -3*p, -32 = -2*h - 4*p. Let k = -2 + h. What are the prime factors of k?
2, 3
Let l(j) = 29*j**2 - 4*j - 3. What are the prime factors of l(-2)?
11
Suppose -k + 1 = 0, 0 = y - 4*k + 5. List the prime factors of (2 + y)/3*18.
2, 3
Let z = 15 - 15. Suppose z*w + 1 = w, -4*d + 18 = -2*w. List the prime factors of d.
5
Let r = 1 - -3. Suppose 5*f + 4*m + 14 = -26, -f - 32 = -r*m. List the prime factors of 2*3/(-6)*f.
2, 3
Suppose -t - 8 = 2*m, -2*m + 32 = -4*t - 3*m. Let c = 2 - 13. Let q = t - c. What are the prime factors of q?
3
Let i(w) = w**3 - 6*w**2 + 3. Let q be (-2)/(-3) - (-48)/9. What are the prime factors of i(q)?
3
Let s = -6 + 24. Suppose -3 = -a + k, -k + s = 5*a - 3. List the prime factors of a.
2
Suppose -3*x + 6*x - 99 = 0. Suppose -3*l + 2*f - 5 - x = 0, 4*l + f + 47